t c be (2/8)/(((-35)/84)/(-5)). Let o(r) = 389*r**2 + 6*r - 16. Is o(c) a prime number?
False
Suppose 607646 = 111*m - 877423. Is m prime?
False
Suppose 448*q - 214728 = 424*q. Is q composite?
True
Let l be (-3)/(-3)*(-8 + 2). Is (21/14)/(l/(-568)) a prime number?
False
Let a be ((-166)/(-3))/((-14)/(-21)). Suppose -s + a = w - 101, 0 = -2*s - 3*w + 373. Is s composite?
False
Suppose -13*x + 8*x = -j - 4500, 3*x + 4*j = 2677. Is x prime?
False
Let p(a) = 1282*a + 531. Is p(7) a composite number?
True
Let g = 26 - 26. Suppose -1072 = -4*v + 3*z, g = -3*v - 2*z + 3*z + 799. Is v prime?
False
Let m = -61 + 63. Suppose m*v - 2551 = -a, -2 - 10 = 3*v. Is a prime?
False
Let d = 147 + -91. Let b be ((-248)/14)/((-16)/d). Suppose -3*m + 117 = -j, -5*m + b + 133 = -5*j. Is m a composite number?
True
Suppose -36*s + 2 = -35*s. Suppose 1264 = -s*d - f + 5141, 7755 = 4*d + f. Is d composite?
True
Suppose 3*q - 941 = l + 3*l, -3*q - 5*l + 923 = 0. Let p = q + -182. Suppose -p = 2*k - 635. Is k prime?
False
Let o(v) = 509 + 154 - 49 - 63 - v. Is o(0) prime?
False
Suppose -3*x - x + 8 = 0. Let z(v) = -9 + 5 - 3*v + v**x - 2*v**3 + v**3 - 9. Is z(-10) composite?
False
Suppose -2*b = -3*b + 96. Let h be (-2679)/(-47) + 1 + -1 + 0. Let p = b - h. Is p a composite number?
True
Let i(g) = 80*g**2 - 20*g - 11. Is i(21) a composite number?
False
Let q(k) = 14*k**3 + k - 1. Let o be q(1). Suppose -5*d + 3 + 17 = 0. Suppose -z + d*j = -117 + o, 5*j + 274 = 3*z. Is z a prime number?
True
Suppose b = -3*b + 20. Suppose 220 + 375 = b*r. Is r composite?
True
Let i = -20 - -12. Let q(d) = -2*d**3 - 3*d**2 - 10*d - 5. Is q(i) composite?
False
Let i(g) = 4179*g**2 - 5*g - 7. Is i(-4) prime?
True
Let d(o) = -4751*o - 66. Is d(-25) composite?
False
Let r(v) = 2*v**2 + 16*v + 1. Let m be r(-10). Suppose -359 = -6*w - m. Is w prime?
True
Let k = 74 - 64. Let r(s) = 9*s**2 - 11*s + 7. Is r(k) a composite number?
False
Suppose -32 = -7*k - 25. Is (((-20)/(-6))/10)/(k/4569) prime?
True
Suppose -588 = 6*v - 10*v. Let p = 40 + v. Is p a prime number?
False
Is (-78489)/(-38) - (-5)/(-2) a prime number?
True
Let v(w) = 221*w + 49. Is v(8) composite?
True
Let z(l) = -l**3 + 19*l**2 + 44*l + 16. Let j be z(19). Let h = -179 + j. Is h composite?
False
Let u be (-2)/(-2 + (-17)/(-8)). Let g = u - -22. Suppose -2 = j, -g*o = -o + 4*j - 697. Is o a composite number?
True
Let s be (-6)/8 - 2/(24/(-3105)). Suppose 3*y - y = s. Is y a prime number?
False
Suppose -81*j + 181402 = -55*j. Is j composite?
False
Let y = 1321 - 60. Is y a composite number?
True
Suppose -2*a = -5*s - 6, a = -s - 4*a + 15. Suppose -2*h + 550 - 108 = s. Is h a composite number?
True
Suppose 2*g + 6*o = o + 640, 3*g - 5*o - 1010 = 0. Let l = g + -129. Is l composite?
True
Suppose 3*s + 5*p + 13 + 16 = 0, -2*s = -4*p - 10. Let o(z) = -127*z - 2. Is o(s) a prime number?
True
Let n be -2 + (8 - (-3 + 7)). Suppose -t = -2*u + 779, -783 = -0*u - n*u + 5*t. Is u prime?
True
Let b be 102*((-812)/(-8))/(-7). Let a = b - -2168. Is a a composite number?
True
Suppose 5*k = 3*z + 174252, 20*z = 21*z - 1. Is k a prime number?
False
Suppose 0 = 5*x - 4*n - 406, 3*x = 5*x - 5*n - 159. Is x composite?
True
Let m(a) = -104*a**3 - a**2. Let d be m(-1). Let f = 54 + d. Is f composite?
False
Suppose 2*p = -4*y + 3404, 978 + 1574 = 3*y + 2*p. Let g = -61 + y. Is g prime?
False
Suppose 0 = -x + 4*n - 3*n + 301, 1505 = 5*x + 3*n. Is x a composite number?
True
Let j be 2*(5/2 - 1) - 10. Let x(o) = -161*o + 14. Is x(j) a prime number?
False
Let b(i) = 8*i**3 + 5*i**2 - 2*i + 7. Let f be b(7). Suppose 0 = -4*k + 4*h - 3000, -4*k - 3*h = -h + f. Is -8*3/6 - k composite?
False
Suppose -3*a + 15 = 0, -1226 - 5660 = -2*g - 4*a. Is g a prime number?
True
Let h = 55 - 48. Let y(n) = 34*n**2 + 10*n - 3. Is y(h) a composite number?
False
Suppose 0 = 10*n - n - 13743. Is n prime?
False
Let d = 36362 + -2625. Is d a composite number?
True
Let n = 44182 + 2737. Is n a composite number?
False
Let l = -778 + 1496. Let u = l + 273. Is u a prime number?
True
Let i = -12 + 16. Suppose i*l = 5*l. Is 1*(1 - (l + -190)) a composite number?
False
Let l = -27 + 38. Suppose -l*i + 10*i + 3 = 0. Suppose 0 = -4*k + i*k + 46. Is k a prime number?
False
Suppose -10*m - 585010 = -48*m. Is m a composite number?
True
Let o(z) = -2 + 15*z + z - 5*z. Let i be o(4). Suppose 6*m + i = 8*m. Is m composite?
True
Suppose 2*y - 1878 = -8*f + 4*f, -5*f - y + 2355 = 0. Let x = 89 - 322. Let r = f + x. Is r a composite number?
False
Suppose i + 230096 = 3*v, -2*v - 10*i = -11*i - 153399. Is v prime?
True
Let u be 1/(3*3/(-18)). Is -1*u*(-55)/(-5) composite?
True
Is 4/60*911067 - 48/60 composite?
False
Suppose 5*l = -4*t + 37641, -22*l - 2*t = -21*l - 7527. Is l composite?
False
Suppose 0 = 4*d + a - 12594, d + 4*a = 2747 + 394. Is d a composite number?
True
Is (-1)/((-6)/((-108870)/(-5))) composite?
True
Let q(o) = -11*o**2 - 10*o - 7. Let f(d) = -d. Let j(z) = 5*f(z) - q(z). Is j(5) prime?
True
Let l(u) = u**2 - 3*u + 6. Let i(k) = 2*k - 8. Suppose r = -4*s + 9 + 3, -3*r + 22 = -2*s. Let t be i(r). Is l(t) prime?
False
Let f(y) be the second derivative of 73*y**4/12 + 2*y**3/3 + 5*y**2/2 + 7*y. Is f(4) a prime number?
False
Is 219242/6 + 186/279 a composite number?
False
Suppose -3*f = -0*n + 2*n + 14, n + 8 = -2*f. Let k = 5 + n. Is ((-6)/(-4))/(k/58) a prime number?
False
Suppose -10*g - 7 = -67. Suppose 205 = -g*s + 7*s. Is s composite?
True
Let o(v) = 7*v**3 + 4*v**2 - 3*v**2 + 5*v**2 + 5*v - 1. Is o(6) a prime number?
False
Suppose -k = 3*i - 6698, 35*i - 34*i - 6690 = -k. Is k composite?
True
Is 12015/7 + (-104)/(-182) composite?
True
Let x(f) = -3*f**2 + 3*f - 8. Let r(h) = -3*h**2 + 4*h - 7. Let j(c) = 3*r(c) - 4*x(c). Is j(-12) a composite number?
False
Let w(g) = 175*g**3 + 3*g**2 + g + 6. Let i(h) = -350*h**3 - 5*h**2 - h - 11. Let v(p) = -3*i(p) - 5*w(p). Is v(2) prime?
True
Let x = 7 - 4. Suppose -3*y + 9 = 0, x*t + 2*t + 2*y = 31. Suppose -322 = -2*g + c, -4*c - 738 = -t*g + 61. Is g prime?
True
Let y be 5 - (4 + -1 + -3). Let p = 18 - 14. Suppose 625 = p*u + 4*w + 97, 25 = y*w. Is u a composite number?
False
Let p(g) = -g**3 - 6*g**2 - 7*g - 6. Let i be p(-5). Suppose -f + 5*j = 23, f = -f + i*j - 16. Suppose 953 = -f*d + 2295. Is d prime?
False
Let y be (-6)/(-27) - 3292/(-9). Let w(o) = 2*o - 5. Let t be w(4). Suppose -t*d + 4*s + y = s, -d - s = -132. Is d prime?
True
Suppose 123 + 92 = 5*y. Let k = 122 - y. Is k a composite number?
False
Suppose 6*z - 40500 = 2*z + 4*n, 0 = -3*z - 2*n + 30365. Is z a composite number?
True
Let f(n) = -n + 18. Suppose 3*o = 12, 0*o = -2*t + 4*o + 14. Let j be f(t). Suppose 0 = p - 3*r - 98, -4*p + r = -j*p - 92. Is p a composite number?
False
Let s(v) = -2*v**3 + v**2 - 6*v - 98. Is s(-7) prime?
False
Let y(v) = -20*v - 3. Let l be y(-4). Let t be (-3)/(2 + 1) + 6. Suppose -t*d + l = -4*d. Is d composite?
True
Let g(m) = -5*m**3 - 20*m**2 - 34*m - 50. Is g(-13) a composite number?
True
Suppose 0 = -26*t + 22*t. Suppose -z + 8*z - 1757 = t. Is z composite?
False
Let f(l) = -l**3 + 13*l**2 + 29*l + 21. Let j be f(15). Suppose -9*u + 2157 = -j*u. Is u composite?
False
Let t(d) = d - 2. Let q be t(10). Let o(k) = -k**2 - k + 2. Let p be o(0). Suppose p*y - 17 = 7*r - 2*r, 4*r - q = -2*y. Is y composite?
True
Let l(c) = 87*c + 9. Suppose 0 = -h - 4*f + 8, -h + 13 = 2*h + f. Let a be l(h). Suppose -5*s - 5*r = -r - a, 3*s - 5*r - 192 = 0. Is s a prime number?
False
Let h = -1943 - -3738. Is h prime?
False
Suppose -9*q = 6*q - 44715. Is q a prime number?
False
Let d(t) = 6077 - 1356 - 17*t**2 + 16*t**2 - 7*t. Is d(0) prime?
True
Let p(f) = -1181*f - 413. Is p(-36) prime?
False
Suppose -3*i + 4*i = -4*l + 7, 5*i - 3*l = 12. Suppose -j = -6 + 2. Suppose -j*f + 534 + 810 = -4*b, -f = i*b - 332. Is f a composite number?
True
Let k be 5137/22 - (2 - 5/2). Let x = k - -1819. Is x a composite number?
False
Suppose -2*k - l = 2, l + 3*l + 8 = -2*k. Let c be ((0 - 0) + k)/(-1). Suppose x - 484 = -r + 6*r, c = -x + r + 480. Is x prime?
True
Let f = -2560 + 5132. Suppose 6*s + 850 = f. Is s prime?
False
Let k(u) = 4*u**2 + 3*u - 2. Suppose -3*y = -0 - 9. Is k(y) composite?
False
Let x = -210 - -1152. Suppose 0 = -12*c + 6*c + x. Is c composite?
